True
Is 209217535391 a prime number?
True
Is 16053371657 a prime number?
True
Is 28393758977 composite?
True
Is 9754985157 a composite number?
True
Is 196815401 prime?
False
Is 298796467 prime?
False
Is 21177486793 prime?
True
Is 228676841 composite?
False
Is 16457485899 prime?
False
Is 158383549 composite?
False
Is 60600029857 a prime number?
False
Is 7481912987 prime?
True
Is 735681631 a prime number?
True
Is 705835633 prime?
False
Is 159168531 prime?
False
Is 94410229 prime?
False
Is 129678127 a prime number?
False
Is 1997255219 prime?
True
Is 12146823781 prime?
False
Is 7332453863 composite?
True
Is 1470497729 a composite number?
False
Is 277755721421 composite?
True
Is 7161532633 prime?
False
Is 2065185359 a prime number?
True
Is 13000891 a prime number?
True
Is 232045599 prime?
False
Is 2175647263 a prime number?
True
Is 4017950449 a composite number?
True
Is 1466468593 prime?
True
Is 1916174027 a prime number?
True
Is 68404483769 prime?
True
Is 1760667427 composite?
False
Is 5828996753 composite?
False
Is 83563447309 a composite number?
False
Is 5999817617 prime?
True
Is 23871107057 prime?
False
Is 801683851 prime?
True
Is 51932169011 a prime number?
True
Is 6515523109 a composite number?
True
Is 85235510585 composite?
True
Is 28496148001 composite?
True
Is 347196649 a composite number?
False
Is 156488560549 a prime number?
True
Is 11360479693 prime?
False
Is 928217443 composite?
False
Is 590767139 prime?
True
Is 27479861 a composite number?
False
Is 37764370561 prime?
True
Is 32127785639 a composite number?
True
Is 21037411643 a composite number?
True
Is 78493619323 composite?
True
Is 9642971473 prime?
True
Is 10290354563 a composite number?
True
Is 204940523 composite?
False
Is 1956467761 a prime number?
True
Is 1366685837 composite?
True
Is 8992335707 prime?
False
Is 23044600981 a composite number?
True
Is 2981980619 a composite number?
True
Is 1203651893 a composite number?
True
Is 104581426717 a prime number?
True
Is 130885994 a prime number?
False
Is 5187837457 a prime number?
False
Is 1833159343 a composite number?
False
Is 41477276897 a prime number?
False
Is 17926593161 a composite number?
True
Is 47758659302 a prime number?
False
Is 38232702257 composite?
True
Is 41044482179 a composite number?
True
Is 6411589507 a prime number?
False
Is 2884798601 a prime number?
True
Is 34621479733 prime?
True
Is 4162536263 prime?
True
Is 15038087 a composite number?
False
Is 340824569 prime?
False
Is 531498431 a prime number?
True
Is 27980767273 composite?
False
Is 16210557019 prime?
True
Is 2211622403 prime?
True
Is 77711257877 composite?
True
Is 3182059 a prime number?
True
Is 13666867403 prime?
False
Is 2734289759 a composite number?
False
Is 16507147031 a composite number?
True
Is 7593688615 a prime number?
False
Is 6482767747 prime?
True
Is 298775311 composite?
True
Is 1652692829 a composite number?
True
Is 695329577 a composite number?
True
Is 747072409 a prime number?
False
Is 1988492843 composite?
True
Is 2012215687 a composite number?
False
Is 209501553038 prime?
False
Is 1200796469 prime?
True
Is 652442227 composite?
False
Is 507044921 prime?
True
Is 10879267561 a prime number?
True
Is 198986713 a prime number?
False
Is 4822674397 prime?
True
Is 431414275991 a prime number?
True
Is 84015202709 composite?
False
Is 199846763 a prime number?
True
Is 1356044777 prime?
True
Is 1116798299 prime?
False
Is 338844059 a prime number?
False
Is 473388967 prime?
False
Is 316106383 a composite number?
False
Is 1204367149 a prime number?
False
Is 7135825751 prime?
False
Is 3438367193 composite?
True
Is 35201636339 composite?
True
Is 5952927115 a prime number?
False
Is 97829294 composite?
True
Is 65665469 a prime number?
True
Is 331393157 composite?
True
Is 11598836617 a prime number?
False
Is 9954339697 a composite number?
True
Is 936003989 prime?
False
Is 67953445429 composite?
True
Is 2235461171 a composite number?
False
Is 24506959247 a composite number?
True
Is 9727817773 a composite number?
False
Is 993231697 composite?
False
Is 1728095977 prime?
False
Is 10283123321 composite?
True
Is 49406969 prime?
True
Is 332247899 a composite number?
False
Is 5519984453 a prime number?
False
Is 7474588493 a prime number?
False
Is 6543531193 composite?
True
Is 1448867257 composite?
True
Is 2003483917 a prime number?
True
Is 4581834197 a prime number?
False
Is 263327539 a composite number?
False
Is 4977850151 prime?
False
Is 355427165501 a composite number?
False
Is 2795298053 a prime number?
True
Is 4260947734 prime?
False
Is 6652066471 a prime number?
True
Is 15106483097 prime?
False
Is 132707102267 prime?
True
Is 5140344577 a composite number?
True
Is 23975782313 composite?
True
Is 789662991619 composite?
False
Is 431489809 composite?
False
Is 551781779 a composite number?
False
Is 3264603907 a prime number?
False
Is 550271261 a composite number?
True
Is 37603671751 composite?
False
Is 11554815461 composite?
True
Is 4231853359 a composite number?
False
Is 3751468381 composite?
True
Is 5950594919 composite?
True
Is 5377991 prime?
True
Is 909315287 prime?
True
Is 335189669 composite?
True
Is 25676789491 prime?
False
Is 215967523685 prime?
False
Is 1613512489 a prime number?
True
Is 408403769 prime?
False
Is 94265103157 prime?
True
Is 9678664993 a prime number?
True
Is 1058122997 prime?
True
Is 36721613063 prime?
False
Is 603019741 prime?
True
Is 33353282273 a prime number?
True
Is 113857114733 prime?
True
Is 2159658281 composite?
True
Is 101290227881 a prime number?
False
Is 7270731109 prime?
False
Is 113856901 composite?
False
Is 5695534937 prime?
True
Is 567695113 a prime number?
True
Is 2166366221 a prime number?
True
Is 339664361 a prime number?
True
Is 19684358935 composite?
True
Is 14435754031 a prime number?
True
Is 8886859897 a prime number?
True
Is 31798002191 prime?
True
Is 130775733743 composite?
False
Is 3794322471 a prime number?
False
Is 605290643 a prime number?
True
Is 1022846717 prime?
True
Is 4310932469 a composite number?
False
Is 4047425957 prime?
True
Is 4524008249 a composite number?
True
Is 975182027 a prime number?
False
Is 4164395377 composite?
True
Is 1128754735 composite?
True
Is 4098147971 a composite number?
True
Is 1916293699 a composite number?
True
Is 107572973 prime?
False
Is 594781753 prime?
False
Is 5259324701 a composite number?
False
Is 138067337 a prime number?
True
Is 320790551 a prime number?
True
Is 463634519 a composite number?
True
Is 1209747811 composite?
False
Is 1176457099 a prime number?
False
Is 18268390447 prime?
False
Is 883838513 a prime number?
True
Is 2822368519 a prime number?
False
Is 763968817 a prime number?
True
Is 19662826117 a prime number?
False
Is 12245677417 a prime number?
False
Is 24000590249 a composite number?
False
Is 802068991 composite?
False
Is 9707979769 prime?
True
Is 737057897 a prime number?
False
Is 94747600459 composite?
False
Is 38243715857 prime?
False
Is 2786000821 composite?
True
Is 8097588949 composite?
True
Is 57203425021 a composite number?
True
Is 114141116863 a prime number?
False
Is 169677281869 a prime number?
False
Is 84470059 a composite number?
True
Is 69451048027 a prime number?
False
Is 548064337 composite?
True
Is 16331624927 a prime number?
False
Is 241531567009 a prime number?
True
Is 2660418214 a prime number?
False
Is 418135973 prime?
False
Is 2385827693 a prime number?
False
Is 1028228349 composite?
True
Is 23100893447 a prime number?
True
Is 2231776123 composite?
False
Is 3316368383 a prime number?
False
Is 733676513 composite?
False
Is 49475102837 composite?
True
Is 6467455597 composite?
False
Is 88396157 a prime number?
True
Is 48838081339 a prime number?
True
Is 2842276241 composite?
True
Is 992702587 composite?
True
Is 1665486623 prime?
True
Is 11515901933 a prime number?
False
Is 357457897 a prime number?
True
Is 2587912913 composite?
False
Is 112852026029 prime?
False
Is 730240703 a composite number?
True
Is 7451117029 a composite number?
False
Is 4499474163 a composite number?
True
Is 2945524447 composite?
False
Is 32528073449 prime?
False
Is 110786251 a composite number?
True
Is 130815707471 a prime number?
False
Is 3445238749 a prime number?
True
Is 1012084057 composite?
True
Is 10913805043 composite?
False
Is 8761422689 prime?
True
Is 31976